alse
Let j = 390547 + -170648. Is j prime?
False
Let d(q) = -84565*q + 1731. Is d(-8) a composite number?
True
Suppose 0 = -2*j + 946 - 186. Suppose -11*a + 6*a + j = 0. Is (-1)/(3/(-9))*a/12 prime?
True
Let t(w) = 66*w**2 - 18*w + 79. Is t(-36) a composite number?
False
Suppose 0 = -115*l + 122*l + 6725 - 97396. Is l a prime number?
True
Suppose 3*u = -5*n + 10*n + 26, -5*n = -4*u + 28. Suppose 4*v + 15761 = 3*z + 2*v, -3*v = u*z - 10490. Is z prime?
False
Let k(z) = 85*z**2 - 182*z - 723. Is k(-68) prime?
True
Suppose 0*a + 3*f = -3*a + 51042, -3*a + 51050 = -f. Let b = -11209 + a. Is b a composite number?
False
Let u(z) = 12*z**2 - 29*z + 81. Let m(j) = -11*j**2 + 29*j - 85. Let f(g) = 5*m(g) + 6*u(g). Is f(16) a prime number?
False
Let t be ((-2)/4)/(30/(-2047560)). Suppose 0 = -15*r + t + 42029. Is r prime?
True
Suppose 4*q = 2*t + 18, -5*q - t = 10 - 29. Suppose 348 = f - a, -721 = -4*f - q*a + 647. Is (f - 0) + (-20 - -16) a composite number?
True
Suppose 113 = -5*u + 33. Let p(o) = 1141*o - 22 + 0*o**2 + o**2 + 9 - 1136*o. Is p(u) a composite number?
False
Is (-9106830)/(-45) - (-4 + -3) prime?
True
Let o = 547 - 543. Suppose -k = -m - o*k + 37252, 3*m - 111770 = 5*k. Is m a prime number?
False
Let d = 210 - 204. Suppose d*v - 2053 = 5*v. Is v a prime number?
True
Is 225865 + -7*((-46)/14 - 21/(-7)) a composite number?
True
Let k = -39 - -44. Suppose -r = k*r - 53742. Suppose r = 8*f + 5*f. Is f composite?
True
Suppose 220 = 4*c - 740. Let f = c - 125. Is f a composite number?
True
Let p(a) = -a**3 - 15*a**2 + 10*a + 10. Let j = 23 - 40. Let s be p(j). Suppose x - 501 = s. Is x prime?
True
Suppose -5*f = w - 61618, 0 = -0*f + 3*f + 5*w - 36984. Is f a prime number?
True
Suppose 4857 = 5*d - 803. Suppose 2*i = -5*p + 11163 + d, 0 = -5*p - 3*i + 12295. Is p composite?
False
Let q = -26 - -30. Suppose -q*h + 2 = 3*l - 0, h + 1 = 0. Suppose 0 = -3*t + l*w + 995, -5*t + 1660 = -0*w - 5*w. Is t a composite number?
False
Let o be (-1)/8 + 3015675/600. Let b be 1*3 + (13 - 4). Suppose b*h + o = 21358. Is h a prime number?
True
Suppose 5*z - 5*c = -9280, -4*z = c + 11075 - 3666. Let k = -352 - z. Is k composite?
True
Let k(q) = q**2 - 3. Let p be k(0). Let g be 2/p - (-176)/48. Suppose -g*j - 3*s = s - 925, 0 = -s + 1. Is j composite?
False
Suppose -5*u - 582076 = -3*i, 2*i + 140605 = u + 528658. Is i composite?
False
Suppose g + 2*w = 54884, -60*g = -62*g + 5*w + 109723. Is g composite?
True
Let z = 5977 - -2286. Is z a composite number?
False
Let h be 99/(-132) - 2387/(-4). Is (h/16)/((-3)/(3 - 15)) a prime number?
True
Suppose -o + 5*t + 879 = 0, 2*o - 4*t - 874 = o. Let x = o + 3229. Is x composite?
True
Suppose -7*o + 5*o = -26. Suppose o*g = 6101 + 34316. Is g a composite number?
False
Let s = 13292 + 28037. Is s composite?
True
Let i(w) = 14*w**2 - 7*w - 5. Let n be i(-11). Let r = -293 + n. Let u = r - 952. Is u prime?
True
Let w = 4191 + -821. Let g = w - 1243. Is g composite?
True
Let f(j) be the second derivative of j**5/4 - 5*j**4/6 - 7*j**3/6 - 20*j. Let g be f(9). Let a = -1311 + g. Is a a prime number?
False
Suppose 2*p = 4*b - 860106, 520880 = 3*b + 15*p - 124282. Is b prime?
False
Let x(q) = q**2 + 7*q - 52. Let n be x(5). Suppose 2*g - 4 + n = 0, -2*a + 3*g + 7204 = 0. Is a a composite number?
True
Let j(s) = -s**3 - 2*s**2 + 12*s - 28. Let f be j(-12). Suppose -951 = -3*x - u, -4*u - f = -4*x + u. Is x composite?
False
Let b be 8 + -4 - (-3 - -2). Let v(q) = -q**2 + 5*q. Let h be v(b). Suppose h*s = 2*s - 178. Is s a composite number?
False
Suppose -5652*y = -5630*y - 371162. Is y composite?
False
Let a(u) = -2512*u + 1019. Is a(-42) composite?
True
Suppose -2*u = -2*t + 42, -u + 68 = -4*u - 2*t. Let j be 0 - (-105)/33 - (-4)/u. Is 876 - ((-9)/1)/j composite?
True
Let f = -199858 + 316811. Is f a prime number?
True
Is (-46)/(-2) - (-437529 + -239) prime?
False
Let q(l) = 74*l - 15. Let r(m) = -m**3 - 22*m**2 - 39*m + 16. Let g be r(-20). Let o be 32/(g/14*21/(-3)). Is q(o) prime?
False
Let q be (44/6)/(4/6). Let n = 11 - q. Suppose n*f + 2098 = 2*f. Is f composite?
False
Let y(j) = -2*j**2 - 4*j + 15. Let i be y(-5). Let f be (12416/(-10))/(2/i*1). Suppose 8*s = 7064 + f. Is s a composite number?
True
Suppose -743944 = 12*n - 20*n. Let o = 130302 - n. Is o a prime number?
True
Suppose -8 = 5*y - 4*y - 4*j, 3*y - 8 = -4*j. Suppose 4*b = -12, -5*b = -2*o - y*o + 2779. Is o prime?
False
Suppose 271*c = -63*c - 57*c + 2270537. Is c a prime number?
True
Suppose 3*g = 4*i - 18572, 3*g = 2*i + 7*g - 9308. Suppose 2*c + i = 13252. Is c composite?
True
Let t = -292 - -299. Let f(v) = 110*v**2 + 17*v - 8. Is f(t) a composite number?
False
Let y(t) = -t**3 + 17*t**2 - 34*t + 18. Let j be y(15). Is (-40 - j)/(2/3109) composite?
False
Is 184540 + -95 - ((-8)/(-4) - -2) a composite number?
False
Let z(t) = -5 + 2297*t**2 + 34*t - 18*t - 23*t. Is z(-2) a prime number?
False
Suppose -4*c + 10*c = 75066. Suppose v = 5*d - c, 9996 = 4*d - 2*v - 2*v. Is d prime?
True
Suppose d - 2*d + 7 = 0. Suppose -m - d*m = -3176. Is m prime?
True
Let k = 853605 + -386486. Is k a prime number?
True
Suppose t - 157 = -x + 3000, -2*t + 5*x + 6342 = 0. Suppose -12*d + 34795 = -t. Is d a composite number?
False
Let r = 55 - 59. Let t be 492/156 - r/(-26). Suppose 8775 = t*s + p + 614, -5*p = 5*s - 13615. Is s prime?
True
Let z be (-14258)/(-10) + (8/(-10) - -1). Suppose -2*k = -3*o + 4553, -4*o - k = -7493 + z. Is o a composite number?
True
Let v be ((-20)/21*-9)/((-6)/(-6258)). Suppose 2*l = 3*n - 26821, n - v = -0*l + l. Is n a prime number?
True
Let d(z) be the third derivative of -13*z**6/30 - z**5/60 - 7*z**4/12 - z**3/2 - 84*z**2. Is d(-4) composite?
True
Let x(g) = 20*g + 108. Let j be x(34). Is j - (4 + -8 - -3) a prime number?
False
Suppose 10*p - 18503 - 78947 = 0. Is p a composite number?
True
Suppose 0 = 3*j - 70 + 46. Suppose 38094 = j*l + 6*l. Is l prime?
False
Suppose 28*k + 70*k - 54018702 = 36593960. Is k a prime number?
False
Suppose 3*p = 5*p - 4, 3*p + 2951870 = 4*r. Is r a prime number?
True
Suppose 0 = -3*u - 4*j - 22036, -3*u - u + j = 29356. Is (11/220*10)/((-2)/u) a composite number?
True
Suppose -89*t - 10848 = -83*t. Is (-3)/6*7*(-6 + t) a composite number?
True
Suppose 2*t + 10*x - 11*x = 15, -2*x - 5 = t. Suppose 6*u - 3*u - 6558 = 4*n, -n = t*u - 10907. Suppose -u = -2*i - 4*b, 8*i = 5*i - 3*b + 3267. Is i composite?
False
Let d(o) = o**3 + o**2 - o - 61. Let j be d(0). Let v = j + -70. Let h = v - -354. Is h prime?
True
Let f(p) = 6*p**2 + 2*p. Let q be f(-2). Suppose -2*r = -8, -12*r = 3*i - 7*r + 4. Is 0 + q/i*-326 composite?
True
Let z(s) = 27*s**2 - 33*s**2 + 8*s - 80 + 7*s**2. Is z(39) composite?
False
Let q(g) be the third derivative of g**6/40 - 7*g**5/120 + 3*g**4/8 - 14*g**2. Let s(a) be the second derivative of q(a). Is s(7) a composite number?
True
Suppose -433783 - 279311 = -2*a - 5*u, -a + 356533 = -u. Is a a prime number?
False
Suppose -h - 2*h = 0. Suppose h = -0*k + k - 5514. Suppose -y + k = 5*y. Is y composite?
False
Let u = 8450 - 3229. Is u prime?
False
Let i = 5978 - -3983. Is i a composite number?
True
Let a(s) = -s**2 - 10*s - 23. Let h be a(-4). Is ((-351978)/(-165) - h/5) + -4 a composite number?
False
Is (-4)/(-6) - (82/943 + (-6410158)/138) a prime number?
True
Let b(o) = -2999*o**3 - 5*o**2 - 9*o - 7. Is b(-2) a prime number?
False
Let t(b) = b**2 + 2*b - 22. Let h be t(-6). Suppose 3*z - h*z = -1. Is (1 - 2)/((-240)/238 - z) a prime number?
False
Let z(j) = j**2 - 2*j - 7. Let r be (-2 - -2)/(-2) + (4 - -3). Let t be z(r). Suppose 25*c - t*c + 7899 = 0. Is c a composite number?
False
Suppose 14*h = 19*h - 700. Let d be (-1 + -1)/((-14)/h). Is (-4)/(d/(-957)) - 26/65 prime?
True
Let w(f) = 62*f**2 - 1. Let b = -278 + 272. Is w(b) a composite number?
True
Let i(s) = -s**3 + 5*s**2 + 8*s - 5. Let j be i(7). Let c = j + 51. Is (-2)/(3288/13408 + (-1)/c) prime?
True
Suppose -24 = -3*d + 126. Let f = 182 - d. Suppose -343 + f = -m. Is m prime?
True
Suppose s + 867466 = 117*a - 116*a, 5*s = 4*a - 3469863. Is a a prime number?
True
Let p be 75*-33*1/3. Let j = 2430 - 654. Let q = p + j. Is q composite?
True
Let w = 371307 + 83516. Is w composite?
False
Suppose 0 = 4*a - 4*k - 88, -2*a - 28 = -3*a + 4*k. Su